{"id":30652,"date":"2024-05-13T12:36:14","date_gmt":"2024-05-13T10:36:14","guid":{"rendered":"https:\/\/niedobylska.com\/burn-it\/wybierz-plan-zywieniowy-copy\/"},"modified":"2024-10-31T15:21:08","modified_gmt":"2024-10-31T14:21:08","slug":"kalkulator-kalorii","status":"publish","type":"page","link":"https:\/\/niedobylska.com\/burn-it\/kalkulator-kalorii\/","title":{"rendered":"Kalkulator kalorii"},"content":{"rendered":"","protected":false},"excerpt":{"rendered":"","protected":false},"author":659,"featured_media":0,"parent":0,"menu_order":0,"comment_status":"closed","ping_status":"closed","template":"templates\/landing.php","meta":{"_acf_changed":false,"footnotes":""},"class_list":["post-30652","page","type-page","status-publish","hentry"],"acf":{"kolor_przewodni":"plum","sekcja_glowna":{"naglowek":"KALKULATOR KALORII by BURN IT","kolor":"","podnaglowek":"Sprawd\u017a swoje zapotrzebowanie kaloryczne i nie tylko...","podnaglowek_kolor":"","dodatkowy_akapit":"Wpisz swoje dane wraz z celem - a my dobierzemy Ci odpowiedni system \u017cywieniowy oraz jego kaloryczno\u015b\u0107 ","dodatkowy_akapit_kolor":"","zdjecie_tla":false,"zdjecie_tla_mobile":false,"film":{"grafika_w_tle":false,"video":""}},"sekcje":[{"acf_fc_layout":"calculator_without_texts","tekst_przed":"","tekst_po":""}],"sekcja_kontaktowa":{"naglowek":"Masz wi\u0119cej pyta\u0144?","podnaglowek":"Skontaktuj si\u0119 z nami!","shortcode_formularza":"[contact-form-7 id=\"6942\" title=\"Skontaktuj si\u0119\"]","tekst_w_tle_pierwszy":"KONTAKT","tekst_w_tle_drugi":"Z NAMI","tekst_przed_linkami_do_innych_planow":"","linki_do_innych_planow":false}},"_links":{"self":[{"href":"https:\/\/niedobylska.com\/burn-it\/wp-json\/wp\/v2\/pages\/30652","targetHints":{"allow":["GET"]}}],"collection":[{"href":"https:\/\/niedobylska.com\/burn-it\/wp-json\/wp\/v2\/pages"}],"about":[{"href":"https:\/\/niedobylska.com\/burn-it\/wp-json\/wp\/v2\/types\/page"}],"author":[{"embeddable":true,"href":"https:\/\/niedobylska.com\/burn-it\/wp-json\/wp\/v2\/users\/659"}],"replies":[{"embeddable":true,"href":"https:\/\/niedobylska.com\/burn-it\/wp-json\/wp\/v2\/comments?post=30652"}],"version-history":[{"count":10,"href":"https:\/\/niedobylska.com\/burn-it\/wp-json\/wp\/v2\/pages\/30652\/revisions"}],"predecessor-version":[{"id":31815,"href":"https:\/\/niedobylska.com\/burn-it\/wp-json\/wp\/v2\/pages\/30652\/revisions\/31815"}],"wp:attachment":[{"href":"https:\/\/niedobylska.com\/burn-it\/wp-json\/wp\/v2\/media?parent=30652"}],"curies":[{"name":"wp","href":"https:\/\/api.w.org\/{rel}","templated":true}]}}