{"id":1857,"date":"2020-04-29T19:51:53","date_gmt":"2020-04-29T17:51:53","guid":{"rendered":"https:\/\/niedobylska.com\/burn-it\/?page_id=1857"},"modified":"2025-09-29T18:07:07","modified_gmt":"2025-09-29T16:07:07","slug":"polityka-plikow-cookies","status":"publish","type":"page","link":"https:\/\/niedobylska.com\/burn-it\/polityka-plikow-cookies\/","title":{"rendered":"Polityka plik\u00f3w cookies"},"content":{"rendered":"\r\n<p>Niniejszy dokument stanowi integraln\u0105 cz\u0119\u015b\u0107 regulaminu i dotyczy wy\u0142\u0105cznie przegl\u0105dania zawarto\u015bci Strony niedobylska.com\/burn-it.<\/p>\r\n\r\n\r\n\r\n<p>Strona prowadzona pod tym adresem administrowana jest przez: <span style=\"font-weight: 400;\">IT PLATFORMS Prosta Sp\u00f3\u0142ka Akcyjna z siedzib\u0105 w Warszawie, NIP 5214061510, REGON 528078625, zarejestrowany w KRS pod nr 0001094186 przez S\u0105d Rejestrowy w Warszawie<\/span>, kt\u00f3ra dba o ochron\u0119 prywatno\u015bci U\u017cytkownik\u00f3w, a zbierane informacje za pomoc\u0105 plik\u00f3w Cookies, s\u0142u\u017c\u0105 do pomocy w administrowaniu Strony.<\/p>\r\n\r\n\r\n\r\n\r\n\r\n\r\n\r\n<h3 class=\"wp-block-heading\">Czym s\u0105 Pliki Cookies?<\/h3>\r\n\r\n\r\n\r\n<p><strong>Pliki Cookies<\/strong> \u2013 s\u0105 to kr\u00f3tkie pliki tekstowe stanowi\u0105ce dane informatyczne, s\u0142u\u017c\u0105ce do przegl\u0105dania zawarto\u015bci Strony, kt\u00f3re przechowywane s\u0105 na urz\u0105dzeniu ostatecznym (np. komputerze) U\u017cytkownika. Pliki Cookies, kt\u00f3rymi pos\u0142uguje si\u0119 niedobylska.com\/burn-it\u00a0<strong>nie<\/strong> s\u0142u\u017c\u0105 do zbierania danych osobowych U\u017cytkownik\u00f3w. U\u017cytkownik ma mo\u017cliwo\u015b\u0107 podj\u0119cia decyzji o stosowaniu Plik\u00f3w Cookies na swoim Urz\u0105dzeniu.<\/p>\r\n\r\n\r\n\r\n<p>Administrator informuje, \u017ce ruch na stronie jest monitorowany przez statystyki Google Analytics ma to na celu gromadzenie danych o sposobie korzystania i popularno\u015bci Strony. Korzystaj\u0105c ze strony Administratora, U\u017cytkownik zgadza si\u0119 na analizowanie jego danych przez Google Analytics w opisanych w tym punkcie celu.<\/p>\r\n\r\n\r\n\r\n<h3 class=\"wp-block-heading\">Rodzaje i cel korzystania przez niedobylska.com\/burn-it z\u00a0Plik\u00f3w Cookies?<\/h3>\r\n\r\n\r\n\r\n<p><strong>SESYJNE:<\/strong> przechowywane tymczasowo i usuwane automatycznie po up\u0142ywie pewnego czasu lub po wy\u0142\u0105czeniu strony lub przegl\u0105darki internetowej.<br \/><strong>Cel:<\/strong> m.in. polepszenie nawigacji na stronie.<\/p>\r\n\r\n\r\n\r\n<p><strong>STA\u0141E:<\/strong> pozostaj\u0105 na urz\u0105dzeniu przez okre\u015blony czas lub do momentu usuni\u0119cia ich przez U\u017cytkownika na jego Urz\u0105dzeniu ko\u0144cowym.<br \/><strong>Cel:<\/strong> przechowywanie informacji o tym czy U\u017cytkownik jest nowy, czy powracaj\u0105cy oraz czy korzysta\u0142 ze Strony za po\u015brednictwem Partnera.<\/p>\r\n\r\n\r\n\r\n<p><strong>ZEWN\u0118TRZNE:<\/strong> pliki cookies od serwis\u00f3w partnerskich: np. Facebook, Google, Google Analytics.<br \/><strong>Cel:<\/strong> prowadzenie statystyk i analiza zachowa\u0144 w sieci oraz preferencje konsumenckie.<\/p>\r\n\r\n\r\n\r\n<h3 class=\"wp-block-heading\">Jak w\u0142\u0105czy\u0107\/wy\u0142\u0105czy\u0107 Pliki Cookies?<\/h3>\r\n\r\n\r\n\r\n<p>U\u017cytkownik w ka\u017cdym czasie mo\u017ce dokona\u0107 zmiany ustawie\u0144 przegl\u0105darki, jednak\u017ce ka\u017cda przegl\u0105darka ma sw\u00f3j spos\u00f3b zmiany ustawie\u0144 i tak np. u\u017cywaj\u0105c przegl\u0105darki internetowej Internet Explorer w wersji 8.0 nale\u017cy:<\/p>\r\n\r\n\r\n\r\n<ol class=\"wp-block-list\">\r\n<li>Wybra\u0107 z menu \u201eNarz\u0119dzia\u201d, a nast\u0119pnie \u201eOpcje internetowe\u201d;<\/li>\r\n<li>Przej\u015b\u0107 do zak\u0142adki \u201ePrywatno\u015b\u0107\u201d;<\/li>\r\n<li>U\u017cy\u0107 suwaka w celu ustawienia preferencji.&#8221;<\/li>\r\n<\/ol>\r\n\r\n\r\n\r\n<p>Przegl\u0105darki internetowe cz\u0119sto domy\u015blnie maj\u0105 ustawion\u0105 mo\u017cliwo\u015b\u0107 instalowania Plik\u00f3w Cookies na urz\u0105dzeniu ko\u0144cowym U\u017cytkownika.<\/p>\r\n\r\n\r\n\r\n<p>Strona informuje, i\u017c wy\u0142\u0105czenie przez U\u017cytkownika mo\u017cliwo\u015bci korzystania z plik\u00f3w Cookies mo\u017ce wp\u0142yn\u0105\u0107 na funkcjonalno\u015b\u0107 Strony.<\/p>\r\n\r\n\r\n\r\n<h3 class=\"wp-block-heading\">Jakie dane s\u0105 przetwarzane?<\/h3>\r\n\r\n\r\n\r\n<p>niedobylska.com\/burn-it\u00a0przetwarza dane podane dobrowolnie przez U\u017cytkownika w celu otrzymywania aktualno\u015bci zwi\u0105zanych z dzia\u0142alno\u015bci\u0105 Strony.<\/p>\r\n\r\n\r\n\r\n<p>Administrator zobowi\u0105zuje si\u0119 do bezpiecznego przechowywania danych i nieodst\u0119powania ich osobom trzecim.<\/p>\r\n\r\n\r\n\r\n<p>U\u017cytkownik ma prawo wgl\u0105du do swoich danych oraz ma mo\u017cliwo\u015b\u0107 zg\u0142oszenia \u017c\u0105dania usuni\u0119cia b\u0105d\u017a poprawienia danych poprzez wys\u0142anie wiadomo\u015bci e-mail.<\/p>\r\n\r\n\r\n\r\n<h3 class=\"wp-block-heading\">Przekierowanie do innych stron<\/h3>\r\n\r\n\r\n\r\n<p>Strona niedobylska.com\/burn-it zawiera odno\u015bniki do innych stron WWW. U\u017cytkownik ka\u017cdorazowo wchodz\u0105c na now\u0105 stron\u0119 WWW powinien zapozna\u0107 si\u0119 z Polityka Prywatno\u015bci \u2013 Pliki Cookies. Administrator niedobylska.com\/burn-it\u00a0nie ponosi odpowiedzialno\u015bci za Polityk\u0119 Prywatno\u015bci \u2013 Pliki Cookies obowi\u0105zuj\u0105ce na tych stronach.<\/p>\r\n\r\n\r\n\r\n<h3 class=\"wp-block-heading\">Zmiany<\/h3>\r\n\r\n\r\n\r\n<p>W przypadku zmiany obowi\u0105zuj\u0105cej polityki prywatno\u015bci \u2013 plik\u00f3w Cookies, wprowadzone zostan\u0105 odpowiednie modyfikacje do powy\u017cszego zapisu.<\/p>\r\n","protected":false},"excerpt":{"rendered":"<p>Niniejszy dokument stanowi integraln\u0105 cz\u0119\u015b\u0107 regulaminu i dotyczy wy\u0142\u0105cznie przegl\u0105dania zawarto\u015bci Strony niedobylska.com\/burn-it. Strona prowadzona pod tym adresem administrowana jest przez: IT PLATFORMS Prosta Sp\u00f3\u0142ka Akcyjna z siedzib\u0105 w Warszawie, NIP 5214061510, REGON 528078625, zarejestrowany w KRS pod nr 0001094186 przez S\u0105d Rejestrowy w Warszawie, kt\u00f3ra dba o ochron\u0119 prywatno\u015bci U\u017cytkownik\u00f3w, a zbierane informacje za [&hellip;]<\/p>\n","protected":false},"author":2598,"featured_media":0,"parent":0,"menu_order":0,"comment_status":"closed","ping_status":"closed","template":"","meta":{"_acf_changed":false,"footnotes":""},"class_list":["post-1857","page","type-page","status-publish","hentry"],"acf":{"cookiebar":"U\u017cywamy plik\u00f3w cookies, by u\u0142atwi\u0107 korzystanie z serwisu www. Je\u015bli nie \u017cyczysz sobie, aby pliki cookies by\u0142y zapisywane na Twoim dysku, zmie\u0144 ustawienia swojej przegl\u0105darki. Kontynuuj\u0105c przegl\u0105danie tej witryny, zgadzasz si\u0119 na u\u017cywanie plik\u00f3w cookie w celu gromadzenia danych analitycznych oraz wy\u015bwietlania reklam i zawarto\u015bci dostosowanych do preferencji u\u017cytkownika. Wyra\u017cenie zgody jest dobrowolne i mo\u017cesz j\u0105 w dowolnym momencie wycofa\u0107 wysy\u0142aj\u0105c wiadomo\u015b\u0107 email na adres <a href=\"mailto:info@burn-it.pl\">info@burn-it.pl<\/a>","link_do_cookies":"https:\/\/niedobylska.com\/burn-it\/polityka-plikow-cookies\/"},"_links":{"self":[{"href":"https:\/\/niedobylska.com\/burn-it\/wp-json\/wp\/v2\/pages\/1857","targetHints":{"allow":["GET"]}}],"collection":[{"href":"https:\/\/niedobylska.com\/burn-it\/wp-json\/wp\/v2\/pages"}],"about":[{"href":"https:\/\/niedobylska.com\/burn-it\/wp-json\/wp\/v2\/types\/page"}],"author":[{"embeddable":true,"href":"https:\/\/niedobylska.com\/burn-it\/wp-json\/wp\/v2\/users\/2598"}],"replies":[{"embeddable":true,"href":"https:\/\/niedobylska.com\/burn-it\/wp-json\/wp\/v2\/comments?post=1857"}],"version-history":[{"count":8,"href":"https:\/\/niedobylska.com\/burn-it\/wp-json\/wp\/v2\/pages\/1857\/revisions"}],"predecessor-version":[{"id":33835,"href":"https:\/\/niedobylska.com\/burn-it\/wp-json\/wp\/v2\/pages\/1857\/revisions\/33835"}],"wp:attachment":[{"href":"https:\/\/niedobylska.com\/burn-it\/wp-json\/wp\/v2\/media?parent=1857"}],"curies":[{"name":"wp","href":"https:\/\/api.w.org\/{rel}","templated":true}]}}