{"id":4261,"date":"2016-03-29T08:32:15","date_gmt":"2016-03-29T08:32:15","guid":{"rendered":"http:\/\/vergo.me\/demo\/folioblog\/?page_id=4261"},"modified":"2024-01-29T09:26:49","modified_gmt":"2024-01-29T08:26:49","slug":"o-mnie","status":"publish","type":"page","link":"https:\/\/niedobylska.com\/blog\/o-mnie\/","title":{"rendered":"O mnie"},"content":{"rendered":"\n<h2 class=\"wp-block-heading\">Cze\u015b\u0107, jestem Agnieszka!<\/h2>\n\n\n\n<p class=\"wp-block-paragraph\" style=\"font-size:15px\">Nazywam si\u0119 <strong>Agnieszka Niedobylska<\/strong> i jestem <strong>certyfikowan\u0105<\/strong> <strong>trenerk\u0105<\/strong> kulturystyki i fitness, <strong>\u017cywieniowcem sportowym<\/strong>, zawodniczk\u0105, a tak\u017ce Stra\u017caczk\u0105 Pa\u0144stwowej Stra\u017cy Po\u017carnej w stopniu m\u0142odszej brygadierki.<br>Prowadz\u0119 swoje kana\u0142y na <a href=\"https:\/\/www.youtube.com\/@niedobylska\" target=\"_blank\" rel=\"noreferrer noopener\"><strong>Youtubie<\/strong><\/a>, a tak\u017ce <a href=\"https:\/\/www.facebook.com\/Niedobylska.BURN.IT\" target=\"_blank\" rel=\"noreferrer noopener\"><strong>Facebooku<\/strong><\/a> i <a href=\"https:\/\/www.instagram.com\/niedobylska_burn_it\/\" target=\"_blank\" rel=\"noreferrer noopener\"><strong>Instagramie<\/strong><\/a> oraz jestem autork\u0105 kampanii <a href=\"https:\/\/niedobylska.com\/blog\/strongsiostra-razem-jestesmy-silniejsze\/\" target=\"_blank\" rel=\"noreferrer noopener\"><strong>&#8220;StrongSiostra.\u00a0<em>Razem jeste\u015bmy silniejsze<\/em>.\u201d<\/strong><\/a> Osobi\u015bcie k\u0142adam wszystkie treningi, kt\u00f3re zjadziesz na Platformie <a href=\"https:\/\/www.niedobylska.com\"><strong>niedobylska.com<\/strong><\/a>, <a href=\"http:\/\/www.burn-it.pl\" target=\"_blank\" rel=\"noreferrer noopener\"><strong>Burn-it<\/strong><\/a> i <strong>YouTube<\/strong>, a tak\u017ce prowadz\u0119 tego bloga. Na Burn-It znajdziesz r\u00f3wnie\u017c m\u00f3j autorski <strong>sklep<\/strong>.<\/p>\n\n\n\n<h3 class=\"wp-block-heading\">Do\u015bwiadczenie sportowe<\/h3>\n\n\n\n<p class=\"wp-block-paragraph\" style=\"font-size:15px\">Sport towarzyszy\u0142 mi <strong>od zawsze<\/strong> \u2013 p\u0142ywanie i lekkoatletyka, biegi, a tak\u017ce gry zespo\u0142owe oraz CrossFit. Od 2009 roku jestem<strong> instruktork\u0105 fitness<\/strong>, i to w\u0142a\u015bnie fitness, prowadzenie trening\u00f3w oraz uczenie innych&nbsp;skonkretyzowa\u0142o moj\u0105 <strong>pasj\u0119<\/strong>.<\/p>\n\n\n\n<p class=\"wp-block-paragraph\" style=\"font-size:15px\">Dopiero uczczenie innych tego, czego sama si\u0119 nauczy\u0142am da\u0142o mi prawdziwe <strong>poczucie spe\u0142nienia<\/strong>. Dzi\u015b najbardziej ciesz\u0105 mnie te zmiany w moich podopiecznych, kt\u00f3re s\u0105<strong> trwa\u0142e<\/strong> i kt\u00f3re sprawiaj\u0105, \u017ce podopieczni przestaj\u0105 by\u0107 podopiecznymi a staj\u0105 si\u0119 <strong>w pe\u0142ni samodzielni i odpowiedzialn<\/strong>i za swoje treningi i zdrowie. To mnie nap\u0119dza do tego, aby dawa\u0107 z siebie coraz wi\u0119cej. Zauwa\u017cy\u0142am, \u017ce podczas dziesi\u0105tek zawod\u00f3w sportowych, jakie przesz\u0142am w swoim \u017cyciu to <strong>g\u0142owa<\/strong> odgrywa\u0142a priorytetow\u0105 rol\u0119. Za ka\u017cdym razem, kiedy wydawa\u0142o mi si\u0119, \u017ce ju\u017c nie dam rady to <strong>wiara w siebie i w swoje mo\u017cliwo\u015bci<\/strong> pozwala\u0142a mi przekracza\u0107 kolejne granice i odkrywa\u0107 nowe zasoby mocy. Wzmacnianie <strong>wewn\u0119trznej motywacji<\/strong> oraz budowanie <strong>pewno\u015bci siebie<\/strong> w\u015br\u00f3d podopiecznych uwa\u017cam za prawdziwe zadanie ka\u017cdej trenerki. Nie da si\u0119 pracowa\u0107 tylko nad cia\u0142em, zaniedbuj\u0105c obszar g\u0142owy, czy serca. \u017badna, cho\u0107by najlepsza forma cia\u0142a nie zadowoli Ci\u0119, je\u015bli Twoja wiara i pewno\u015b\u0107 siebie b\u0119d\u0105 dramatycznie niskie. <strong>Chc\u0119 Ci\u0119 przekona\u0107, aby\u015b kompleksowo zadba\u0142a o siebie<\/strong>.<\/p>\n\n\n\n<h3 class=\"wp-block-heading\">Agnieszka Niedobylska &#8211; dzia\u0142alno\u015b\u0107 w sieci<\/h3>\n\n\n\n<p class=\"wp-block-paragraph\" style=\"font-size:15px\">Od  2019r prowadz\u0119 treningi online na moich kontach spo\u0142eczno\u015bciowych. Na niekt\u00f3rych bywa\u0142o 1300 os\u00f3b w jednym czasie. Tysi\u0105ce os\u00f3b wykonuje moje treningi dost\u0119pne na YT. Dzi\u0119ki wsp\u00f3lnym treningom i wyzwaniom stworzyli\u015bmy niesamowit\u0105 spo\u0142eczno\u015b\u0107. Spo\u0142eczno\u015b\u0107 StrongSi\u00f3str!&nbsp;<\/p>\n\n\n\n<p class=\"wp-block-paragraph\" style=\"font-size:15px\">Ale treningi to nie wszystko. Niedobylska r\u00f3wnie\u017c <strong>edukuje<\/strong>! Opr\u00f3cz trening\u00f3w na moich socialach znajdziecie tzw. &#8220;live&#8217;y pogadankowe&#8221;, jak my to m\u00f3wimy, o wszystkim! O tym, czego najbardziej potrzebuje nasza spo\u0142eczno\u015b\u0107, spo\u0142eczno\u015b\u0107 StrongSi\u00f3str &#8211; o treningach, o \u017cywieniu, o budowaniu odporno\u015bci, a tak\u017ce o prawid\u0142owej technice \u0107wicze\u0144 i o naszych do\u015bwiadczeniach; a opr\u00f3cz spotka\u0144 na \u017cywo &#8211; mamy bogat\u0105 baz\u0119 kr\u00f3tkich film\u00f3w instrukta\u017cowych ukazuj\u0105cych poprawn\u0105 technik\u0119 \u0107wicze\u0144. <\/p>\n\n\n\n<p class=\"wp-block-paragraph\" style=\"font-size:15px\"><strong>Nauczanie, motywowanie oraz budowanie wiary w swoje w\u0142asne umiej\u0119tno\u015bci to sens mojego \u017cycia<\/strong>.&nbsp;Podczas trening\u00f3w, jakie b\u0119d\u0119 dla Ciebie prowadzi\u0107, b\u0119d\u0119 dba\u0107 nie tylko o Twoje bezpiecze\u0144stwo, ale r\u00f3wnie\u017c o budowanie Twojej pewno\u015bci siebie.<\/p>\n\n\n\n<p class=\"wp-block-paragraph\" style=\"font-size:15px\">Ruch jest sprzymierze\u0144cem Twojego cia\u0142a.<br>Ale to Twoje cia\u0142o jest odzwierciedleniem Twojej duszy. Pokochaj ruch.<br>I pokochaj siebie.<br>A ja Ci pomog\u0119.<\/p>\n\n\n\n<h5 class=\"wp-block-heading\">Agnieszka Niedobylska, trenerka<\/h5>\n\n\n\n<p class=\"wp-block-paragraph\"><br><br><\/p>\n","protected":false},"excerpt":{"rendered":"<div class=\"tmnf_excerpt\">Cze\u015b\u0107, jestem Agnieszka! Nazywam si\u0119 Agnieszka Niedobylska i jestem certyfikowan\u0105 trenerk\u0105 kulturys\u2026<\/div>","protected":false},"author":1,"featured_media":6126,"parent":0,"menu_order":0,"comment_status":"closed","ping_status":"closed","template":"","meta":{"tpgb_global_settings":"","_crdt_document":"","footnotes":""},"class_list":["post-4261","page","type-page","status-publish","has-post-thumbnail","hentry"],"yoast_head":"<!-- This site is optimized with the Yoast SEO plugin v27.5 - https:\/\/yoast.com\/product\/yoast-seo-wordpress\/ -->\n<title>Agnieszka Niedobylska - kim jest?<\/title>\n<meta name=\"description\" content=\"Kim jest Agnieszka Niedobylska i dlaczego warto z ni\u0105 \u0107wiczy\u0107? Dowiedz si\u0119 tego ju\u017c teraz i rozpal w sobie ogie\u0144!\" \/>\n<meta name=\"robots\" content=\"index, follow, max-snippet:-1, max-image-preview:large, max-video-preview:-1\" \/>\n<link rel=\"canonical\" href=\"https:\/\/niedobylska.com\/blog\/o-mnie\/\" \/>\n<meta property=\"og:locale\" content=\"pl_PL\" \/>\n<meta property=\"og:type\" content=\"article\" \/>\n<meta property=\"og:title\" content=\"Agnieszka Niedobylska - kim jest?\" \/>\n<meta property=\"og:description\" content=\"Kim jest Agnieszka Niedobylska i dlaczego warto z ni\u0105 \u0107wiczy\u0107? Dowiedz si\u0119 tego ju\u017c teraz i rozpal w sobie ogie\u0144!\" \/>\n<meta property=\"og:url\" content=\"https:\/\/niedobylska.com\/blog\/o-mnie\/\" \/>\n<meta property=\"og:site_name\" content=\"Burn It Blog\" \/>\n<meta property=\"article:publisher\" content=\"https:\/\/www.facebook.com\/Burn.It.by.Niedobylska\" \/>\n<meta property=\"article:modified_time\" content=\"2024-01-29T08:26:49+00:00\" \/>\n<meta property=\"og:image\" content=\"https:\/\/niedobylska.com\/blog\/wp-content\/uploads\/2022\/09\/IMGL2251-1-scaled.jpg\" \/>\n\t<meta property=\"og:image:width\" content=\"2560\" \/>\n\t<meta property=\"og:image:height\" content=\"1707\" \/>\n\t<meta property=\"og:image:type\" content=\"image\/jpeg\" \/>\n<meta name=\"twitter:card\" content=\"summary_large_image\" \/>\n<meta name=\"twitter:label1\" content=\"Szacowany czas czytania\" \/>\n\t<meta name=\"twitter:data1\" content=\"3 minuty\" \/>\n<script type=\"application\/ld+json\" class=\"yoast-schema-graph\">{\"@context\":\"https:\\\/\\\/schema.org\",\"@graph\":[{\"@type\":\"WebPage\",\"@id\":\"https:\\\/\\\/niedobylska.com\\\/blog\\\/o-mnie\\\/\",\"url\":\"https:\\\/\\\/niedobylska.com\\\/blog\\\/o-mnie\\\/\",\"name\":\"Agnieszka Niedobylska - kim jest?\",\"isPartOf\":{\"@id\":\"https:\\\/\\\/niedobylska.com\\\/blog\\\/#website\"},\"primaryImageOfPage\":{\"@id\":\"https:\\\/\\\/niedobylska.com\\\/blog\\\/o-mnie\\\/#primaryimage\"},\"image\":{\"@id\":\"https:\\\/\\\/niedobylska.com\\\/blog\\\/o-mnie\\\/#primaryimage\"},\"thumbnailUrl\":\"https:\\\/\\\/niedobylska.com\\\/blog\\\/wp-content\\\/uploads\\\/2022\\\/09\\\/IMGL2251-1-scaled.jpg\",\"datePublished\":\"2016-03-29T08:32:15+00:00\",\"dateModified\":\"2024-01-29T08:26:49+00:00\",\"description\":\"Kim jest Agnieszka Niedobylska i dlaczego warto z ni\u0105 \u0107wiczy\u0107? Dowiedz si\u0119 tego ju\u017c teraz i rozpal w sobie ogie\u0144!\",\"breadcrumb\":{\"@id\":\"https:\\\/\\\/niedobylska.com\\\/blog\\\/o-mnie\\\/#breadcrumb\"},\"inLanguage\":\"pl-PL\",\"potentialAction\":[{\"@type\":\"ReadAction\",\"target\":[\"https:\\\/\\\/niedobylska.com\\\/blog\\\/o-mnie\\\/\"]}]},{\"@type\":\"ImageObject\",\"inLanguage\":\"pl-PL\",\"@id\":\"https:\\\/\\\/niedobylska.com\\\/blog\\\/o-mnie\\\/#primaryimage\",\"url\":\"https:\\\/\\\/niedobylska.com\\\/blog\\\/wp-content\\\/uploads\\\/2022\\\/09\\\/IMGL2251-1-scaled.jpg\",\"contentUrl\":\"https:\\\/\\\/niedobylska.com\\\/blog\\\/wp-content\\\/uploads\\\/2022\\\/09\\\/IMGL2251-1-scaled.jpg\",\"width\":2560,\"height\":1707,\"caption\":\"Agnieszka Niedobylska, trenerka\"},{\"@type\":\"BreadcrumbList\",\"@id\":\"https:\\\/\\\/niedobylska.com\\\/blog\\\/o-mnie\\\/#breadcrumb\",\"itemListElement\":[{\"@type\":\"ListItem\",\"position\":1,\"name\":\"Strona g\u0142\u00f3wna\",\"item\":\"https:\\\/\\\/niedobylska.com\\\/blog\\\/\"},{\"@type\":\"ListItem\",\"position\":2,\"name\":\"O mnie\"}]},{\"@type\":\"WebSite\",\"@id\":\"https:\\\/\\\/niedobylska.com\\\/blog\\\/#website\",\"url\":\"https:\\\/\\\/niedobylska.com\\\/blog\\\/\",\"name\":\"Burn It Blog\",\"description\":\"B\u0105d\u017a aktywna z Burn it!\",\"publisher\":{\"@id\":\"https:\\\/\\\/niedobylska.com\\\/blog\\\/#\\\/schema\\\/person\\\/b19d15db5cbbf72773b2db676ecca830\"},\"potentialAction\":[{\"@type\":\"SearchAction\",\"target\":{\"@type\":\"EntryPoint\",\"urlTemplate\":\"https:\\\/\\\/niedobylska.com\\\/blog\\\/?s={search_term_string}\"},\"query-input\":{\"@type\":\"PropertyValueSpecification\",\"valueRequired\":true,\"valueName\":\"search_term_string\"}}],\"inLanguage\":\"pl-PL\"},{\"@type\":[\"Person\",\"Organization\"],\"@id\":\"https:\\\/\\\/niedobylska.com\\\/blog\\\/#\\\/schema\\\/person\\\/b19d15db5cbbf72773b2db676ecca830\",\"name\":\"admin\",\"image\":{\"@type\":\"ImageObject\",\"inLanguage\":\"pl-PL\",\"@id\":\"https:\\\/\\\/niedobylska.com\\\/blog\\\/wp-content\\\/uploads\\\/2022\\\/09\\\/cropped-burn_it_by_agnieszka_niedobylska.png\",\"url\":\"https:\\\/\\\/niedobylska.com\\\/blog\\\/wp-content\\\/uploads\\\/2022\\\/09\\\/cropped-burn_it_by_agnieszka_niedobylska.png\",\"contentUrl\":\"https:\\\/\\\/niedobylska.com\\\/blog\\\/wp-content\\\/uploads\\\/2022\\\/09\\\/cropped-burn_it_by_agnieszka_niedobylska.png\",\"width\":1080,\"height\":466,\"caption\":\"admin\"},\"logo\":{\"@id\":\"https:\\\/\\\/niedobylska.com\\\/blog\\\/wp-content\\\/uploads\\\/2022\\\/09\\\/cropped-burn_it_by_agnieszka_niedobylska.png\"},\"sameAs\":[\"https:\\\/\\\/www.facebook.com\\\/Burn.It.by.Niedobylska\",\"https:\\\/\\\/instagram.com\\\/burn_it_by_niedobylska?igshid=YmMyMTA2M2Y=\",\"https:\\\/\\\/www.youtube.com\\\/c\\\/BurnItbyNiedobylskaStrongSiostra\"]}]}<\/script>\n<!-- \/ Yoast SEO plugin. -->","yoast_head_json":{"title":"Agnieszka Niedobylska - kim jest?","description":"Kim jest Agnieszka Niedobylska i dlaczego warto z ni\u0105 \u0107wiczy\u0107? Dowiedz si\u0119 tego ju\u017c teraz i rozpal w sobie ogie\u0144!","robots":{"index":"index","follow":"follow","max-snippet":"max-snippet:-1","max-image-preview":"max-image-preview:large","max-video-preview":"max-video-preview:-1"},"canonical":"https:\/\/niedobylska.com\/blog\/o-mnie\/","og_locale":"pl_PL","og_type":"article","og_title":"Agnieszka Niedobylska - kim jest?","og_description":"Kim jest Agnieszka Niedobylska i dlaczego warto z ni\u0105 \u0107wiczy\u0107? Dowiedz si\u0119 tego ju\u017c teraz i rozpal w sobie ogie\u0144!","og_url":"https:\/\/niedobylska.com\/blog\/o-mnie\/","og_site_name":"Burn It Blog","article_publisher":"https:\/\/www.facebook.com\/Burn.It.by.Niedobylska","article_modified_time":"2024-01-29T08:26:49+00:00","og_image":[{"width":2560,"height":1707,"url":"https:\/\/niedobylska.com\/blog\/wp-content\/uploads\/2022\/09\/IMGL2251-1-scaled.jpg","type":"image\/jpeg"}],"twitter_card":"summary_large_image","twitter_misc":{"Szacowany czas czytania":"3 minuty"},"schema":{"@context":"https:\/\/schema.org","@graph":[{"@type":"WebPage","@id":"https:\/\/niedobylska.com\/blog\/o-mnie\/","url":"https:\/\/niedobylska.com\/blog\/o-mnie\/","name":"Agnieszka Niedobylska - kim jest?","isPartOf":{"@id":"https:\/\/niedobylska.com\/blog\/#website"},"primaryImageOfPage":{"@id":"https:\/\/niedobylska.com\/blog\/o-mnie\/#primaryimage"},"image":{"@id":"https:\/\/niedobylska.com\/blog\/o-mnie\/#primaryimage"},"thumbnailUrl":"https:\/\/niedobylska.com\/blog\/wp-content\/uploads\/2022\/09\/IMGL2251-1-scaled.jpg","datePublished":"2016-03-29T08:32:15+00:00","dateModified":"2024-01-29T08:26:49+00:00","description":"Kim jest Agnieszka Niedobylska i dlaczego warto z ni\u0105 \u0107wiczy\u0107? Dowiedz si\u0119 tego ju\u017c teraz i rozpal w sobie ogie\u0144!","breadcrumb":{"@id":"https:\/\/niedobylska.com\/blog\/o-mnie\/#breadcrumb"},"inLanguage":"pl-PL","potentialAction":[{"@type":"ReadAction","target":["https:\/\/niedobylska.com\/blog\/o-mnie\/"]}]},{"@type":"ImageObject","inLanguage":"pl-PL","@id":"https:\/\/niedobylska.com\/blog\/o-mnie\/#primaryimage","url":"https:\/\/niedobylska.com\/blog\/wp-content\/uploads\/2022\/09\/IMGL2251-1-scaled.jpg","contentUrl":"https:\/\/niedobylska.com\/blog\/wp-content\/uploads\/2022\/09\/IMGL2251-1-scaled.jpg","width":2560,"height":1707,"caption":"Agnieszka Niedobylska, trenerka"},{"@type":"BreadcrumbList","@id":"https:\/\/niedobylska.com\/blog\/o-mnie\/#breadcrumb","itemListElement":[{"@type":"ListItem","position":1,"name":"Strona g\u0142\u00f3wna","item":"https:\/\/niedobylska.com\/blog\/"},{"@type":"ListItem","position":2,"name":"O mnie"}]},{"@type":"WebSite","@id":"https:\/\/niedobylska.com\/blog\/#website","url":"https:\/\/niedobylska.com\/blog\/","name":"Burn It Blog","description":"B\u0105d\u017a aktywna z Burn it!","publisher":{"@id":"https:\/\/niedobylska.com\/blog\/#\/schema\/person\/b19d15db5cbbf72773b2db676ecca830"},"potentialAction":[{"@type":"SearchAction","target":{"@type":"EntryPoint","urlTemplate":"https:\/\/niedobylska.com\/blog\/?s={search_term_string}"},"query-input":{"@type":"PropertyValueSpecification","valueRequired":true,"valueName":"search_term_string"}}],"inLanguage":"pl-PL"},{"@type":["Person","Organization"],"@id":"https:\/\/niedobylska.com\/blog\/#\/schema\/person\/b19d15db5cbbf72773b2db676ecca830","name":"admin","image":{"@type":"ImageObject","inLanguage":"pl-PL","@id":"https:\/\/niedobylska.com\/blog\/wp-content\/uploads\/2022\/09\/cropped-burn_it_by_agnieszka_niedobylska.png","url":"https:\/\/niedobylska.com\/blog\/wp-content\/uploads\/2022\/09\/cropped-burn_it_by_agnieszka_niedobylska.png","contentUrl":"https:\/\/niedobylska.com\/blog\/wp-content\/uploads\/2022\/09\/cropped-burn_it_by_agnieszka_niedobylska.png","width":1080,"height":466,"caption":"admin"},"logo":{"@id":"https:\/\/niedobylska.com\/blog\/wp-content\/uploads\/2022\/09\/cropped-burn_it_by_agnieszka_niedobylska.png"},"sameAs":["https:\/\/www.facebook.com\/Burn.It.by.Niedobylska","https:\/\/instagram.com\/burn_it_by_niedobylska?igshid=YmMyMTA2M2Y=","https:\/\/www.youtube.com\/c\/BurnItbyNiedobylskaStrongSiostra"]}]}},"tpgb_featured_images":{"full":["https:\/\/niedobylska.com\/blog\/wp-content\/uploads\/2022\/09\/IMGL2251-1-scaled.jpg",2560,1707,false],"tp-image-grid":["https:\/\/niedobylska.com\/blog\/wp-content\/uploads\/2022\/09\/IMGL2251-1-scaled.jpg",700,467,false],"thumbnail":["https:\/\/niedobylska.com\/blog\/wp-content\/uploads\/2022\/09\/IMGL2251-1-150x150.jpg",150,150,true],"medium":["https:\/\/niedobylska.com\/blog\/wp-content\/uploads\/2022\/09\/IMGL2251-1-300x200.jpg",300,200,true],"medium_large":["https:\/\/niedobylska.com\/blog\/wp-content\/uploads\/2022\/09\/IMGL2251-1-768x512.jpg",768,512,true],"large":["https:\/\/niedobylska.com\/blog\/wp-content\/uploads\/2022\/09\/IMGL2251-1-1024x683.jpg",1024,683,true],"default":"https:\/\/niedobylska.com\/blog\/wp-content\/plugins\/the-plus-addons-for-block-editor\/assets\/images\/tpgb-placeholder.jpg"},"tpgb_post_meta_info":{"get_date":"2016-03-29","get_modified_date":"2024-01-29","author_name":"Administrator","author_url":"https:\/\/niedobylska.com\/blog\/post\/author\/blog\/","author_email":"norbert.solecki@bravenew.agency","author_website":"https:\/\/niedobylska.com\/blog","author_description":"","author_facebook":"","author_twitter":"","author_instagram":"","author_role":["administrator"],"author_firstname":"","author_lastname":"","user_login":"Blog","author_avatar":"<img alt='' src='https:\/\/secure.gravatar.com\/avatar\/7268a3fb0e1df2630575c6b1739f0472f78888c09c0e76681077d0bd44caf8f6?s=200&#038;d=mm&#038;r=g' srcset='https:\/\/secure.gravatar.com\/avatar\/7268a3fb0e1df2630575c6b1739f0472f78888c09c0e76681077d0bd44caf8f6?s=400&#038;d=mm&#038;r=g 2x' class='avatar avatar-200 photo' height='200' width='200' decoding='async'\/>","author_avatar_url":"https:\/\/secure.gravatar.com\/avatar\/7268a3fb0e1df2630575c6b1739f0472f78888c09c0e76681077d0bd44caf8f6?s=96&d=mm&r=g","comment_count":0,"post_likes":0,"post_views":0},"tpgb_post_category":[],"_links":{"self":[{"href":"https:\/\/niedobylska.com\/blog\/wp-json\/wp\/v2\/pages\/4261","targetHints":{"allow":["GET"]}}],"collection":[{"href":"https:\/\/niedobylska.com\/blog\/wp-json\/wp\/v2\/pages"}],"about":[{"href":"https:\/\/niedobylska.com\/blog\/wp-json\/wp\/v2\/types\/page"}],"author":[{"embeddable":true,"href":"https:\/\/niedobylska.com\/blog\/wp-json\/wp\/v2\/users\/1"}],"replies":[{"embeddable":true,"href":"https:\/\/niedobylska.com\/blog\/wp-json\/wp\/v2\/comments?post=4261"}],"version-history":[{"count":12,"href":"https:\/\/niedobylska.com\/blog\/wp-json\/wp\/v2\/pages\/4261\/revisions"}],"predecessor-version":[{"id":7213,"href":"https:\/\/niedobylska.com\/blog\/wp-json\/wp\/v2\/pages\/4261\/revisions\/7213"}],"wp:featuredmedia":[{"embeddable":true,"href":"https:\/\/niedobylska.com\/blog\/wp-json\/wp\/v2\/media\/6126"}],"wp:attachment":[{"href":"https:\/\/niedobylska.com\/blog\/wp-json\/wp\/v2\/media?parent=4261"}],"curies":[{"name":"wp","href":"https:\/\/api.w.org\/{rel}","templated":true}]}}